6*f**3 + 1114*f**2 + 47*f + 101. Give j(13).
36
Let n(d) = -19*d**2 + 1413*d - 513. What is n(74)?
5
Let d(g) = 3739*g - 1622. Give d(1).
2117
Let v(w) = -88*w + 297. Determine v(13).
-847
Let y(d) = 13691*d - 209. Give y(0).
-209
Let h(i) = 11*i + 419. What is h(-33)?
56
Let k(s) = 1249*s - 487. What is k(1)?
762
Let x(m) = -7*m**2 + 988*m - 26471. Determine x(36).
25
Let k(d) = -82*d + 14247. Calculate k(172).
143
Let k(c) = -c**2 + 217245*c + 1738029. What is k(-8)?
5
Let l(m) = -m**2 + 2487*m + 168578. Calculate l(-66).
80
Let w(f) = -3*f**2 + 749*f - 38993. What is w(74)?
5
Let h(i) = 12*i**2 + 704*i + 43. Determine h(-56).
-1749
Let l(g) = 4*g**3 + 109*g**2 + 16*g - 466. Calculate l(-27).
-169
Let j(a) = 6*a**2 + 4419*a - 432691. Calculate j(-824).
-91
Let s(x) = -x**3 - 53*x**2 + 610*x + 3165. Give s(-62).
-59
Let s(q) = 13*q**2 - 269*q + 212. Calculate s(22).
586
Let m(i) = i**3 + 73*i**2 + 559*i + 10704. Determine m(-67).
185
Let c(m) = -7*m**2 + 49*m + 949. Give c(0).
949
Let g(m) = -3*m**2 + 275*m + 6855. Give g(-21).
-243
Let u(m) = -211*m**2 + 67*m + 12962. Give u(8).
-6
Let z(t) = -511*t + 18810. Give z(37).
-97
Let a(b) = 7574*b - 560538. Give a(74).
-62
Let p(u) = 77*u**2 - 505*u + 252. Determine p(9).
1944
Let i(r) = -r**2 - 82853*r - 1242636. Give i(-15).
-66
Let s(r) = 1311*r - 16991. Calculate s(13).
52
Let n(t) = 440*t - 47360. Give n(104).
-1600
Let y(o) = 15*o - 3296. Calculate y(221).
19
Let v(g) = -31*g**2 - 190*g - 935. Calculate v(-5).
-760
Let v(r) = -3*r**2 - 4782*r + 19155. Determine v(4).
-21
Let p(m) = -m**3 + 58*m**2 + 180*m + 145. Give p(61).
-38
Let y(d) = 1322*d**2 - 27774*d + 248. Give y(21).
-4
Let g(b) = b**2 - 4299*b + 391155. Determine g(93).
-3
Let i(t) = 2*t**3 - 258*t**2 - 253*t + 1450. Determine i(130).
2360
Let u(m) = -2*m**2 - 143*m + 760. Give u(9).
-689
Let i(s) = -5*s**3 - 75*s**2 + 566*s + 13. Calculate i(6).
-371
Let v(q) = -9*q**3 - 29*q**2 - 179*q + 12. Determine v(-5).
1307
Let t(y) = 2*y**3 - 7*y**2 - 3620*y + 3628. What is t(1)?
3
Let n(d) = -3*d**3 + 69*d**2 + 138*d + 390. Give n(25).
90
Let a(i) = -2*i**2 + 773*i + 29267. What is a(-35)?
-238
Let d(q) = 3*q**2 - 39*q - 3545. Give d(-30).
325
Let n(b) = -17049*b + 272754. Give n(16).
-30
Let u(k) = 666*k + 16. Calculate u(1).
682
Let j(f) = 123*f**3 - 618*f**2 + 23*f - 34. What is j(5)?
6
Let a(v) = -72*v + 2986. What is a(57)?
-1118
Let h(i) = -299639*i - 2996394. Give h(-10).
-4
Let k(f) = 215*f + 6240. Determine k(-28).
220
Let u(a) = -243*a + 97685. Give u(402).
-1
Let l(w) = -150*w**2 + 2409*w - 128. Give l(16).
16
Let v(i) = 8*i**3 + 123*i**2 - 57*i - 147. Determine v(-16).
-515
Let v(y) = 11*y**2 + 8683*y + 17364. Calculate v(-2).
42
Let b(x) = -5*x**2 - 284*x - 3629. Give b(-39).
-158
Let i(o) = 3*o**3 + 1521*o**2 - 1558*o - 17274. Determine i(-508).
-2
Let p(h) = 3*h**3 + 77*h**2 + 63*h + 446. Calculate p(-25).
121
Let n(t) = -t**3 + 30*t**2 + 26*t + 1655. Give n(32).
439
Let y(f) = -f**3 + 32*f**2 - 5*f - 16. Give y(-8).
2584
Let t(a) = -14*a**2 - 519*a - 3879. Calculate t(-16).
841
Let g(a) = -a**3 - 132*a**2 + 248*a - 1525. Calculate g(-134).
1155
Let i(j) = 2060*j - 21831. Calculate i(8).
-5351
Let f(l) = -469*l + 14681. Calculate f(28).
1549
Let x(n) = -13*n**3 + 5*n**2 - 12*n + 1. What is x(1)?
-19
Let x(i) = -933*i**2 + 968*i - 40. Give x(1).
-5
Let l(a) = -1618*a - 6966. Give l(-5).
1124
Let m(z) = -z**3 - 3*z**2 + 17066*z - 34131. Calculate m(2).
-19
Let h(m) = -47*m**3 + 1648*m**2 - 120*m + 38. What is h(35)?
-487
Let b(f) = f**3 - 46*f**2 + 333*f - 254. Calculate b(8).
-22
Let m(g) = g**2 + 140*g + 3502. Determine m(-33).
-29
Let g(m) = -19*m**3 + 2*m**2 - 691*m - 3503. Determine g(-5).
2377
Let l(r) = r**2 - 18*r - 74993. Determine l(283).
2
Let b(m) = -2630*m**2 - 5249*m - 35. Give b(-2).
-57
Let u(m) = -12*m**2 - 2997*m - 3409. Give u(-249).
-1168
Let w(h) = -17*h**3 + 321*h**2 - 268*h - 27. Determine w(18).
9
Let h(o) = -o**3 - 21*o**2 + 929*o + 431. What is h(-43)?
1162
Let c(r) = -r**2 + 215*r - 8218. What is c(35)?
-1918
Let u(m) = -339652*m - 2037913. What is u(-6)?
-1
Let l(k) = 9*k**3 - 502*k**2 + 1324*k + 46. Calculate l(53).
-7
Let s(q) = -1616*q + 2. Give s(0).
2
Let q(o) = -174126*o + 2785998. Calculate q(16).
-18
Let w(x) = -13*x**3 + 12*x**2 + 686*x - 4135. What is w(6)?
-2395
Let d(p) = -p**3 - 44*p**2 - 9*p - 428. Determine d(-44).
-32
Let f(x) = 16*x**3 - 40*x**2 + 228*x - 224. Calculate f(1).
-20
Let l(b) = 4388*b - 509050. What is l(116)?
-42
Let h(u) = u**3 + 8*u**2 - 581*u - 87. Determine h(21).
501
Let j(t) = -13*t**2 - 692*t - 5283. Give j(-44).
-3
Let a(m) = 44*m - 6300. Determine a(140).
-140
Let j(s) = -44*s**2 - 151*s - 290. Give j(-4).
-390
Let d(k) = 1524*k + 658282. Calculate d(-432).
-86
Let a(g) = 4*g**3 + 9*g**2 + 20*g + 18. Calculate a(-2).
-18
Let j(y) = 1263*y + 36326. Determine j(-29).
-301
Let r(k) = 24798*k - 272759. What is r(11)?
19
Let n(m) = 85*m**2 - 2024*m - 297. Calculate n(24).
87
Let b(c) = c**3 + 14*c**2 + 111*c + 874. Determine b(-12).
-170
Let p(z) = 210*z + 26518. Calculate p(-125).
268
Let b(u) = -u**2 + 16109*u + 468024. Determine b(-29).
22
Let s(a) = a**2 + 158*a + 2069. Determine s(-145).
184
Let u(z) = -2013*z + 2219. What is u(2)?
-1807
Let r(x) = -924*x - 105858. Give r(-114).
-522
Let g(m) = 37212*m + 4391033. Give g(-118).
17
Let l(c) = -8852*c - 9551301. Give l(-1079).
7
Let l(x) = x**3 - 1391*x**2 - 88574*x - 117. Give l(-61).
5
Let m(c) = -c**3 + 40*c**2 - 525*c + 18929. Determine m(39).
-25
Let l(x) = -511*x - 6455. Calculate l(-9).
-1856
Let k(r) = 4*r**2 + 277*r - 10244. What is k(-96)?
28
Let w(l) = -3*l**2 + 227*l + 2357. What is w(86)?
-309
Let t(n) = -186*n + 15550. Determine t(94).
-1934
Let p(f) = -7533*f + 331459. Determine p(44).
7
Let y(n) = -2*n**3 - 46*n**2 + 669*n + 115. What is y(12)?
-1937
Let i(j) = j**3 - 37*j**2 - 5038*j - 2033. What is i(92)?
-9
Let d(z) = -10762*z - 32300. Give d(-3).
-14
Let p(h) = -83162*h - 2661266. Determine p(-32).
-82
Let c(t) = 977*t + 263337. Calculate c(-269).
524
Let d(k) = -2*k**3 + 2*k**2 + 11*k - 532. What is d(0)?
-532
Let z(k) = 7*k**2 - 1425*k - 11618. What is z(-8)?
230
Let x(i) = -319*i + 33405. Calculate x(105).
-90
Let f(m) = -25641*m + 11487196. Calculate f(448).
28
Let i(q) = -237*q + 19582. Determine i(77).
1333
Let w(d) = -2*d**3 - 79*d**2 + 854*d + 29965. Determine w(-41).
-6
Let i(c) = 645*c - 256278. Calculate i(397).
-213
Let z(p) = 921*p + 1444133. What is z(-1568)?
5
Let k(z) = -4*z**3 + 185*z**2 + 1212*z - 284. Give k(52).
548
Let q(c) = c**3 - 26*c**2 - 438*c - 762. Determine q(-10).
18
Let j(f) = 263*f + 1970. Calculate j(-9).
-397
Let a(v) = -186*v - 4333. What is a(-24)?
131
Let g(h) = h**3 - 360*h**2 + 6266*h - 37631. What is g(342)?
-11
Let i(z) = -5564*z - 55617. Give i(-10).
23
Let f(g) = -g**3 + 120*g**2 + 1124*g + 685. Calculate f(129).
-4088
Let m(n) = 3*n**3 + 26*n**2 - 1587*n + 184. Give m(19).
-6
Let w(a) = -601*a - 254804. Determine w(-424).
20
Let x(n) = -14484*n + 376609. Determine x(26).
25
Let l(y) = 3*y**2 + 230*y - 3839. Determine l(-91).
74
Let x(m) = 9464*m + 85212. What is x(-9)?
36
Let s(x) = x**3 - 74*x**2 + 876*x + 149. Determine s(15).
14
Let p(s) = -4380*s + 61495. Determine p(14).
175
Let u(a) = 4*a**3 + 55*a**2 - 6968*a - 97450. Give u(-14).
-94
Let w(d) = -1634*d + 50645. What is w(31)?
-9
Let y(c) = c**2 - 274*c - 48833. Calculate y(-123).
-2
Let o(w) = -w**3 + 436*w**2 - 856*w - 4748. Determine o(434).
460
Let z(i) = i**3 + 7*i**2 - 45*i - 364. What is z(7)?
7
Let j(b) = 2*b**2 - 32*b + 83. Determine j(13).
5
Let b(q) = 816*q - 239147. Determine b(293).
-59
Let r(p) = 8746*p - 43724. Give r(5).
6
Let o(z) = -z**3 - 714*z**2 - 7530*z + 142698. Determine o(-703).
-11
Let v(o) = -o**3 + 44*o**2 - 996*o + 40978. Determine v(43).
-1
Let t(a) = 175*a + 13980. What is t(-78)?
330
Let k(x) = 393*x - 7116. Determine k(18).
-42
Let t(k) = 21358*k + 171384. Determine t(-8).
520
Let j(z) = -2*z**3 + 138*z**2 + 717*z + 1709. Calculate j(74).
7
Let p(b) = 2119*b - 38140. Calculate p(18).
2
Let a(i) = -108404*i - 2168077. Calculate a(-20).
3
Let m(d) = 401*d + 245. Determine m(0).
245
Let x(a) = -735*a - 5156. Calculate x(-7).
-11
Let u(k) = 63*k**2 - 10021*k